et x be n(62). Let p(q) = 8*q**2 - 3*q + 2. Give p(x).
65
Suppose 5*z + 0*z + 2*c + 8 = 0, -z = 5*c + 20. Let l(q) = q**3 + 2*q**2 + q**2 - 2 + z*q**2 - 4*q - 2. Let w = 1133 - 1137. Give l(w).
-4
Let d(j) = 66*j**2 - 82 - 23*j**2 + 21*j**2 + 31*j - 30*j**2 - 30*j**2. Calculate d(-10).
8
Let c(w) = -5*w**2 - 4*w - 3. Suppose -2*b = -g + 2*b - 11, -2*g - 3*b = 0. Determine c(g).
-36
Let t(v) = -3*v - 7*v + 8 + 12*v - 13*v + 49. Calculate t(6).
-9
Let j(g) = 2*g**2 - 5*g + 5. Let m(u) = 3*u**2 - 7*u + 8. Let i(d) = -8*j(d) + 5*m(d). Suppose -3*p + 21 = 0, -226*p = x - 224*p - 20. Determine i(x).
-6
Suppose -2*w - 2*w + 14 = j, 0 = -j - 5*w + 17. Let i be ((-44)/77)/(2/(-14)). Let c(r) = i*r**2 + r - 4*r**2 - j*r**2. What is c(1)?
-1
Let y(b) = b**2 - 3*b - 13. Suppose -131*z + 20*z + 555 = 0. What is y(z)?
-3
Let q(j) = j**3 + 9*j**2 + 2. Let x(o) = 2*o**3 + 15*o**2 + 5. Let m(k) = 5*q(k) - 3*x(k). Let u be (-5 - 0) + (1 - 3). Let y = u - -7. Calculate m(y).
-5
Let d(z) be the second derivative of z**4/6 - z**3 - 36*z**2 + 6871*z. Calculate d(-6).
36
Let k(f) = 7*f**3 + 7*f**2 - 4*f - 13. Let m(y) = -12*y**3 - 13*y**2 + 6*y + 24. Let z(l) = 5*k(l) + 3*m(l). Let u = 70 + -73. Calculate z(u).
4
Let t(i) = 0 - 3 - i - 2. Suppose -67*a - 12*a + 25*a = 432. Determine t(a).
3
Let l(o) = 92 - 5*o**2 - 91 - 3*o**2. Suppose -3 = -31*b + 30*b. Suppose 3*p + 0 + b = 0. What is l(p)?
-7
Suppose -2*u + 4*n = -10 - 8, u + 4*n = 9. Let h be (13 - u) + 0/2. Let x(f) = 0*f + 0*f + f - h. What is x(-4)?
-8
Let d(k) = -k**2 + k - 2. Let s(p) = -2*p + 39. Let t be s(12). Let y be 3/(t/(-577)) + 9/(-15). Let x = 116 + y. Calculate d(x).
-2
Suppose 2*b = -4*t + 3*b + 37, 45 = 3*t + 5*b. Suppose 9*o - 41 = -14. Let c(f) = 0*f + 10*f**2 - f + 2*f**o + 9 - f**3 - 2*f**3. Give c(t).
-1
Let z be 3 + (-4 - -5) + 2. Let f(d) = -d**2 + 3*d + 2. Let q(j) = 2*j**2 - 7*j - 4. Let p(c) = z*q(c) + 14*f(c). Give p(-3).
-14
Let d be 0*3/(-2 - 1). Suppose 37*a - 76*a - 78 = d. Let k(u) = -2*u**3 + 2*u**2 - 2. Give k(a).
22
Let r(h) = 2*h**3 - 289*h - 11 - h**3 + 476*h - 188*h + 11*h**2. What is r(-11)?
0
Suppose -95 = -32*z + 84 + 77. Let x(t) = -t**3 + 5*t**2 + 23*t + 8. Calculate x(z).
0
Let a(k) = -4*k**3 + 12*k**2 - 2*k + 2. Suppose 12 = 6*m - 8*m. Let c(p) = 5*p**3 - 15*p**2 + 2*p - 2. Let q(z) = m*a(z) - 5*c(z). Determine q(4).
-10
Let o(v) = -v**3 + 5*v**2 - 2. Suppose -11*j + 12 = -9*j + 2*m, 3*j = 4*m - 10. Suppose 0 = -j*f + 27*f - 125. Determine o(f).
-2
Let b(f) = -3*f**2 - 16*f - 39. Let i(s) = -3*s**2 - 19*s - 38. Let d(a) = 5*b(a) - 6*i(a). Calculate d(-1).
2
Suppose -2*x - 3 = m, -3*m = x - 6*m - 2. Let k be 10 - (1 - -5) - x. Let i(l) = -3*l + 9. What is i(k)?
-6
Let b = -437 - -442. Let r(j) = 15*j + 1. Let u(d) = -d. Let i(h) = b*u(h) + r(h). Let o(l) = -l**2 - l + 1. Let f be o(-2). What is i(f)?
-9
Let m be ((-6)/10)/((-15)/75). Let w(h) = 4 - 2*h**2 - m*h - 3 - 2 - h**3. Give w(-2).
5
Let l be -814 - -6*2*(-8)/(-32). Let m = l + 804. Let b(j) = -5*j - 3 - j + 5*j. Determine b(m).
4
Let b = -9 + 14. Let x(n) = 2*n**3 - 4*n**2 + 3*n - 5. Let p(k) = k**3 + k**2 - k. Let f be (-18)/(-42) + (-4)/(-7). Let m(h) = f*x(h) - p(h). Determine m(b).
15
Let p(t) = -2*t**2 + 13*t - 12. Suppose 58 = -53*f + 482. What is p(f)?
-36
Let a(p) = 10*p - 20. Suppose -8 = -10*x + 2. What is a(x)?
-10
Let z be (22 + -20)*(-1)/(-2). Let k(s) = 5*s**3 + 10*s**2 - 2*s - 6. Let n(q) = -q**3 - q**2 + q. Let x(w) = z*k(w) + 6*n(w). Determine x(5).
-11
Let d(y) = -2*y**2 + 4*y**2 - 52*y + 3*y + 10*y + 16*y + 35. Give d(10).
5
Suppose 5*q - 3*q + 26 = 0. Let i be 96/52 - 2/q. Suppose 3*z = 3*g + 24, 5 = -i*g - 4*z + 1. Let n(a) = a + 4. What is n(g)?
-2
Let n(v) = v**2 + 13*v + 3. Suppose 43*w = 16 + 70. Let b be w/(-32) + 477/(-48). What is n(b)?
-27
Let p(o) be the first derivative of -o**3/3 - 4*o**2 + 15*o - 40. Let h = 5 - 15. Let x be p(h). Let v(y) = -y**3 - 5*y**2 + y - 3. Determine v(x).
-8
Let l be (-12)/1*(-9)/6. Let k(n) = 21 + 20 - n - 46 + l. Determine k(7).
6
Let c(s) = s**3 + 6*s**2 + 7*s + 6. Let m be c(-4). Let l(p) be the first derivative of -4*p**2 + m*p**2 + 28 + 4*p - 7*p**2. Determine l(4).
-4
Let h(r) = -155*r**2 - r**3 + 11*r + 301*r**2 + 2*r - 49 - 6*r - 156*r**2. Give h(-11).
-5
Let g(f) = -f**3 - 36*f**2 - 60*f + 269. Let m be g(-34). Let v(y) = y**3 - y**2 - 8*y + 15. Give v(m).
3
Let l(h) be the first derivative of -h**4 - h**3/3 + h**2 - h + 79. Let x(b) be the first derivative of -b**2/2 - 6. Let k(d) = -l(d) - x(d). Give k(1).
5
Let y(u) = -u**3 + 9*u**2 + 8*u - 23. Suppose 405*p = -51*p + 4104. Give y(p).
49
Let a(c) = -3*c**3 + 6*c**2 + c - 1. Let g(i) = -5*i**3 + 6*i**2 - i - 3. Let z(d) = -3*a(d) + 2*g(d). Give z(-4).
-15
Let y(o) = o + 12. Let m(l) = -16*l**2 - 19*l + 18. Suppose 5*a = -0*i - 4*i + 21, -2*i = -3*a - 5. Let w be m(a). Give y(w).
-5
Let j(n) = -n**2 - 187*n + 183*n + 2*n**2 - 2*n**2. Let p(y) = 2*y**3 - 2*y**2 - y - 2. Let r be p(2). Suppose -4*a - r = -3*a. Determine j(a).
0
Suppose -6*u + 4*u - 5*n = -28, 3*n = 5*u - 8. Suppose 8*v + 135 = 727. Let i(w) = -72 + w + v + w. Calculate i(u).
10
Let x(z) = -3*z**3 + 4*z**2 + 6*z + 1. Suppose -3*k + 9 = 0, 94*k + 26 = -7*w + 98*k. Calculate x(w).
29
Let q(t) = 5*t**2 + t + 49 - 4*t**2 - 65 + t. Calculate q(-9).
47
Let s(x) = 4 - 33*x + 11*x + 15*x + 11*x. Give s(-5).
-16
Let u(f) = 14*f + 30. Let i be 48/(-256) - 183/48. Give u(i).
-26
Let c(w) = w + 1. Suppose -j = -3*x - 221, 2*x + 38 = -3*j + 679. Suppose -17*l - j + 62 = 0. Give c(l).
-8
Let g(v) = v**3 - 25*v**2 - 52*v - 50. Let t be g(27). Let r be (-2 + 2)/(-1) + 3. Let f(a) = 3*a - r - 2 - 1. Determine f(t).
6
Suppose -16*t + 156 = -12*t. Let x be -3*13/t*(1 + 0). Let m(r) = 9*r**3 + r + r - 1 - 4*r - 2*r**2. Give m(x).
-10
Let n(q) = -36*q - 2239. Let u be n(-62). Let b(y) = 3*y**2 + 18*y + 14. Calculate b(u).
35
Let j be (-77)/(-28) + 1 + (-2)/(-8). Let o be 0 - (j + (3 - 3)). Let i(u) = u**3 + 5*u**2 + 4*u + 6. Give i(o).
6
Let l be (1 + 0)/((-16)/(-400)). Let h(y) = 78*y**3 - 8 - 26*y**3 - l*y**3 - 26*y**3 + 8*y + 9*y**2. Determine h(-8).
-8
Let w be 200/(75/3) - 6. Let z(v) be the first derivative of 20*v - 1/2*v**w + 18. Give z(9).
11
Let t(u) = u**2 - u. Let g(q) be the second derivative of q**4/2 + 2*q**3/3 + 514*q. Let a(i) = g(i) + 4*t(i). Suppose 4*d - 4 + 0 = 0. What is a(d)?
10
Let d(s) = -s**3 + 3*s**2 - 4*s + 1. Let m(b) = -2*b**3 + 2*b**2 - 5*b + 2. Let k(u) = 3*d(u) - 2*m(u). Let r = -536 - -533. Give k(r).
23
Let b(w) = w**3 + 3*w**2 - w. Let n be 414/(5 - -1)*(0 + 1). Let d be (-2)/8 + n/4. Suppose -2*g = -11 + d. What is b(g)?
3
Let d(i) be the third derivative of -i**6/360 - 7*i**5/120 + 5*i**4/24 + 16*i**3 + 103*i**2. Let g(v) be the first derivative of d(v). Determine g(-6).
11
Let k(n) = 4*n**3 - 3*n**2 - 6*n + 1. Suppose -3 - 21 = -8*b. Let l(g) = -5*g**3 + 3*g**2 + 8*g - 2. Let x(m) = b*l(m) + 4*k(m). Calculate x(2).
-6
Let i(s) = 3*s + 46. Suppose -u + 2 = -3*y + 26, 0 = 2*y - 6. Calculate i(u).
1
Let t(x) = -7*x**3 - 151*x**2 + 169*x - 1570. Let r(f) = f**3 + 25*f**2 - 28*f + 250. Let v(b) = -13*r(b) - 2*t(b). Calculate v(22).
-22
Let b(i) = -2*i**2 + 2*i + 1. Let o(d) = 2*d**2 - 2*d + 0*d - 2 - 3*d + 2*d. Let g(s) = 3*b(s) + 2*o(s). What is g(5)?
-51
Suppose -z - z = 5*m - 50, 12 = 4*m - 4*z. Let p be (-19)/4 - (-6)/m. Let v(a) = -3*a - 3. Give v(p).
9
Let u(a) = 1 + 9 + 96*a**2 - 97*a**2 + 11*a + 74. Give u(16).
4
Let s(q) = 1 - q - 3 - 1 - 4. Let w(o) = -4*o**2 - 13*o + 47. Let a be w(2). Determine s(a).
-12
Let d(w) = -w**3 - 2*w**2 + w + 1. Let i(l) = l**2 - l. Suppose -8*x = 4 - 4. Let c be i(x). Suppose -14*j + 17*j + 6 = c. Give d(j).
-1
Let s be 51 - 44 - (-15)/25*-5. Let g(d) be the third derivative of 0*d + 0 + 2/3*d**3 - 12*d**2 - 1/24*d**s. What is g(-3)?
7
Let h(y) be the third derivative of -y**5/20 - 55*y**4/12 + 41*y**3/6 + 2*y**2 + 1040. Determine h(-37).
4
Let f(i) = -19*i + 187. Let r(n) = -6*n + 58. Let c(t) = -8*f(t) + 26*r(t). Calculate c(-1).
16
Let k(d) = 3*d + 3. Let n be -60*(-8)/32 - 14. Give k(n).
6
Let v = 1823 + -1801. Let h be (15 - (-2 + 1)) + 1. Let s(f) = -1 + 3 - v*f + h*f. Calculate s(3).
-13
Let q(g) = 223*g + 143*g**2 - 155*g**2 - 143*g - 13 - 131*g + 0. Calculate q